lue of 3 - ((-9 - (-2 - 19)) + 1 - -6)?
-16
What is the value of (-1 - (-10 - -1)) + (-276 - -256)?
-12
What is the value of -19 - (20 + (-1 - 20) - (1 - 2))?
-19
(19 - 26) + 43 + (0 - 2) + -4
30
What is 35 + -24 + (8 - 3) + -28?
-12
Evaluate 9 + (-105 - -74 - (-1 + 13)).
-34
Evaluate -4 + -2 + (13 + -9 - 4).
-6
What is the value of -10 + (-7 - -3 - -2) + -1 + 8?
-5
Calculate 20 + (13 - (-6 + 11 + 15)).
13
5 - (-4 + -7 + 22 + (3 - 4))
-5
What is the value of (0 - 18) + (-11 - -14)?
-15
-10 + -2 + 20 + -8 + 0
0
Evaluate 0 + (-9 + 18 - 8) + -12 - 10.
-21
Calculate (-13 - -7) + -2 - (-3 + 4).
-9
What is (-2 - (-1 + 21)) + 2 - (5690 - 5696)?
-14
What is the value of 13 - (-5 + 17 + (0 - -10))?
-9
What is the value of (-29 - -8) + (26 - 29)?
-24
What is the value of (-22 - 4) + 23 + 24?
21
Evaluate 24 - (6 + (-5 - -1 - (20 - 25))).
17
Evaluate -19 + (16 - 4) + -2.
-9
Calculate 13 + -1 + 9 + -2 - (4 + 0).
15
What is 70 - -55 - 88 - (1 + 1 + 9)?
26
What is the value of 1 + -26 - (-25 + -25)?
25
What is -21 - ((3 + -16 - 0) + 14)?
-22
What is (1 + -5 - (4 - (10 - 2))) + -4?
-4
Evaluate (-1 - -7) + 13 + (8 - 8).
19
Evaluate -5 + 16 + (-8 - (-9 + 4) - -10).
18
12 + 1 + -3 - 1
9
Evaluate -29 - (-30 + 53 - 19).
-33
What is 2 + 30 - (99 + -90)?
23
-1 + -13 + (-13 - 0) + (-355 - -364)
-18
Calculate (-14 - (-40 + 16)) + 4 + -5.
9
Calculate -5 + 15 + -11 + 1.
0
Evaluate (4 - 4) + -12 + -84 + 116.
20
Calculate 16 - (-14 + (17 - 11)).
24
Calculate -41 + (67 - 15) - (1 - -14).
-4
What is 11 + -3 - (13 - 7 - -1) - -6?
7
5 + (50 + -49 + (-2 - 1) - -5)
8
What is 15 + -8 - (4 - (4 + -5))?
2
What is 0 + -9 - (-34 - (-84 + 64))?
5
Calculate 14 + 7 + -6 - 23.
-8
What is the value of -7 + -3 + 0 + 0?
-10
Evaluate -19 + 20 + -8 + 3 + (-4 - -48).
40
What is the value of 1 + -3 + 9 - (-18 + 28)?
-3
Calculate 9 - (24 - 10) - -8.
3
Evaluate (-17 - 3 - -27) + -21 + -23.
-37
-12 + -3 - (-3 - 0) - (31 + -39)
-4
What is the value of (1 - 10 - (-43 + 16 + 20)) + 19?
17
Evaluate 0 - -9 - (5 + 36 - 17).
-15
What is the value of 10 - (7 - -3) - (-2 - 4) - -2?
8
Calculate 4 + 1 - 11 - 6.
-12
What is the value of (-6 - (-19 - -7)) + -1 - 23?
-18
Evaluate 40 + 39 + -86 - (1 + 9).
-17
What is the value of 18 - (-38 - (24 - 65))?
15
Evaluate -7 + (-9 - -6 - 5 - -7).
-8
Evaluate -5 - -1 - (-5 + (0 - -5 - -6)).
-10
What is the value of (14 - (-4 - -7) - 17) + (0 - -27)?
21
What is the value of (-39 - -26) + 12 + -1 + 1?
-1
What is -48 - (-8 - (13 - -5))?
-22
What is the value of (-14 + 20 - 5) + (2 - 3) + 10?
10
What is the value of (2 - 1) + (-99 - -106 - (-14 - -1))?
21
Evaluate (3 + -25 - (-18 - -13)) + (1 - 2).
-18
Evaluate (-17 - 2) + 3 + (-3 - -3) - 4.
-20
Evaluate -18 + (0 + 0 + 11 - (-152 - -157)).
-12
(-5 - 1) + (11 - 0) - 47 - -6
-36
Calculate -8 + 22 + -3 + 2.
13
What is (-5 - (-13 - 0) - 3) + (6 - 3)?
8
Calculate 1 - 11 - ((2 - 26) + 27).
-13
Evaluate ((24 - 12) + -20 - -14) + 12.
18
What is the value of -5 - 5 - (72 + -49)?
-33
What is (-4 - 8) + 4 + -13 + 15?
-6
What is the value of -15 + 82 + -16 + -44?
7
What is -9 + -8 + -3 + 31?
11
Evaluate (-13 - -4) + (16 + 3 + 2 - -4).
16
Calculate (38 - 17) + 10 + -27.
4
Calculate 3 - (19 + -16 + 7).
-7
Evaluate (18 - 22) + 0 + 4.
0
1 + (-4 - (0 + -6))
3
What is -4 - (-3 + 3) - (24 - 20)?
-8
What is -2 - (-46 + -1) - (-666 - -684)?
27
Evaluate 13 + (-52 - (-26 + -2)).
-11
Calculate 2 + 4 + 8 + -9 - 4.
1
Calculate (-298 - -290) + (0 + 5 - 0).
-3
(-32 - (-31 - 8)) + (-12 - 0)
-5
-4 + -6 - (30 + -35)
-5
Evaluate 4 - -2 - (-1 - (-2 - -2) - 1).
8
Calculate 19 + (-18 - -1) + 0.
2
What is the value of (-96 - (-32 + -65)) + (-1 - (-16 - 1))?
17
Evaluate -51 - -57 - (4 + (-6 - (-3 - 1))).
4
What is the value of -10 + (-1 + -16 - -32)?
5
What is the value of 275 + -284 + (5 - 13)?
-17
6 + -7 + (-2 - 8) + 23
12
What is 17 + 3 + 0 - 19?
1
Evaluate 147 + -130 + (-8 - 2).
7
What is the value of (-6 + 1 - -5) + 5 + (4 - 11)?
-2
Calculate 2 + (4 + -1 - (-111 - -130)).
-14
-14 + -5 + -24 - -19
-24
(40 - 46) + (-3 - (-6 - -4 - -10))
-17
Evaluate ((28 - 13) + -1 - -10) + -15.
9
Evaluate -4 + -3 + (-13 + 9 - -7).
-4
What is -11 + 41 - (0 - 12 - -16)?
26
What is the value of (-5 - -1) + 13 + (13 - 29)?
-7
What is the value of 2 + 7 + -3 - 5?
1
63 - 65 - (0 - (2 + -2) - 3)
1
Calculate (-1 - 36) + 9 + 12.
-16
Evaluate (1 - -2) + -755 + 754.
2
What is -13 + 7 - 13 - -2 - (-1 + 1)?
-17
Calculate -1653 + 1622 + (0 - -14).
-17
7 - (-1 + 1 + -1) - -6
14
Calculate (4 - (1 + 10)) + 6 - (6 + -6).
-1
29 - (6 - -32) - (0 + 1)
-10
What is the value of -14 - 2 - -3 - (7 - 5)?
-15
What is the value of (1 - 25) + 20 - -24?
20
Evaluate -3 + -11 + -5 + 16 + -4.
-7
What is (5 - 28 - (-7 - -4)) + 1 - 5?
-24
What is the value of 54 + -76 - (-3 + -4)?
-15
-21 + 1 + 33 + 1
14
Evaluate -840 - -820 - (0 - -2).
-22
Evaluate 5 - (7 - 14) - 19 - (1 - 2).
-6
Calculate 3 + (1 - (-8 + 3 + 10 + -1)).
0
-12 + -15 + 15 - (2 - 4)
-10
What is (-16 - -15) + (-1 - 2) + -2?
-6
What is 5 + (-12 - -13 - (1 + -4 + 0))?
9
-15 + 6 + 5 - (3 - -11 - 28)
10
What is -21 - (16 + (13 - 62))?
12
What is -13 - (-8 + 0 + 0 + 1 + 2)?
-8
Evaluate -8 + (52 - 20 - 15).
9
Calculate (72 + -39 - 23) + -16 + 0.
-6
1 + 26 + -15 + (17 - 37 - -27)
19
Evaluate 1 - ((1 - 1) + 0 + 3 + -7).
5
Evaluate 27 + (-36 - -42) - 61.
-28
Calculate 6 + (-2 - (-4 - -9)) + 3.
2
What is 11 - (-10 + 18) - (3 + 2 + -12)?
10
Calculate 10 + -15 + 8 + 0 + -15.
-12
What is 78 + -79 - (1 + -2 - -7) - -22?
15
What is the value of 18 - (1 - (2 + (-12 - -2)))?
9
Evaluate -42 - (-30 + 15 + -13 + 13).
-27
What is 5 + 12 - (-8 - -21)?
4
(4 - (1 - 0) - 6) + 19 + -25
-9
-6 + (3 + -9 - (-1 - 2))
-9
What is the value of 2 + -2 + -3 + -92 + 83?
-12
Calculate -23 + (58 - 32) + (0 - -1) + 0.
4
What is -8 + -2 + (10 + -3 - 13)?
-16
Evaluate -239 + 227 + (1 - -11 - -3).
3
Calculate 17 + (-4 - 10) + -9.
-6
What is -5 + (-8 - -2 - -14 - 2) + -6?
-5
What is -2 + (-53 - -20 - -17)?
-18
-3 + -4 + (25 - -2) - 6
14
Evaluate (2 - (-1 + -2)) + 4 + -2 + -4.
3
Calculate -14 + 10 - -2 - -4.
2
Evaluate -7 - 2 - (-16 + -14 - -9).
12
What is -4 - (-3 - 5) - (-9 + 9 + -6)?
10
Evaluate -12 + (8 - 12) + 5 + -7.
-18
Calculate -23 + (0 - 9 - (-11 + (12 - 15))).
-18
1 + 2 + -6 + 8 + -7 - -5
3
What is (1 - 5) + (8 - 25 - -11) + -10?
-20
What is the value of (-20 + 17 - -13) + -3?
7
Calculate -16 + 0 + (6 - (3 - 4)) + -10.
-19
2 + -15 + 11 - -5
3
-12 + (32 - 9) - 18 - 11
-18
(6 - 1 - 2) + 4
7
5 + 8 + -11 + (0 - 0) - 2
0
What is (-17 - (11 - 12)) + 4 + 2 + 0?
-10
Evaluate (-52 - -27 - -17 - (1 + -7)) + 26.
24
Calculate 1 - (22 - 27 - -7 - (1 + 5)).
5
Evaluate -13 + 7 + 17 - 4.
7
What is 14 + -38 + 27 - -7?
10
Evaluate 6 + (59 + -55 - (-1 - -3)).
8
(-1 + 1 - -14) + -39 + 7 + 27
9
-43 + -10 + -12 + 48
-17
What is the value of 2 + 3 + -7 + -6 - -6 - -11?
9
What is the value of 3 + (-26 - -46) + -16?
7
Calculate 43 + (3 + -38 - -21).
29
Evaluate (59 - 10) + -15 + 10 + -12.
32
Calculate 17 + -9 + -2 - (18 - 1).
-11
Evaluate -2 + -3 + 31 + -12 - 6.
8
Calculate 7 + (5 + -4 - 4) - 8 - -18.
14
Evaluate -25 - -4 - -5 - -2 - (0 - 0).
-14
What is (6 + 6 - 6) + -20?
-14
Evaluate -39 - (84 - 134) - (-3 - (0 + 1)).
15
What is the value of (-7 - (8 - 10)) + (4 - 0) + -9?
-10
-12 - (19 - 12 - (1 + 5)) - -5
-8
1 + (6 - 6) + -6 + -1 + 6
0
(10 - (24 - (-8 + 3 + 9))) + 6
-4
16 - 5 - (-8 - -22) - -14
11
What is -2 + (3 - -1) + (-9 - (-32 - -18))?
7
Calculate -18 + (19 - -7) + (-1 + -2 - -2).
7
(-28 - 13 - -10) + 13
-18
What is -9 + (-8 - (-15 + 8 + -1))?
-9
Calculate (3 - (3 + 0)) + (-32 - -39).
7
-1 + (4 - 21) + -2 - (-6 - -1)
-15
What is 112 - 90 - (-7 + 3)?
26
What is 8 + -8 + 7 - 29 - (5 - 12)?
-15
Calculate 20 - -2 - (12 - -6).
4
Evaluate 9 + -15 + 2 + -20 + 25.
1
Evaluate -3 - (38 + -45 - 26).
30
Evaluate (-12 - -15 - -15) + -12.
6
26 - 1 - (110 + -60)
-25
What is 38 + -17 - (7 + 13)?
1
Evaluate 5 - (-4 + 22 + 7).
-20
What is the value of (7 - (-3 + -3)) + (-1 - 37)?
-25
Evaluate -6 + -11 + (-4 - (3 - 12)).
-12
Evaluate -1 + 3 - (185 + -169).
-14
What is the value of 2 - 3 - -7 - (-24 - -39) - -4?
-5
What is 6 + 18 + -1 + -13?
10
9 + -21 + (4 - (-3 + 13))
-18
What is the value of 8 + (-2 - (-7 - (-9 - (8 + -17))))?
13
What is (0 - 2 - (-3 + 1)) + (901 - 896)?
5
Evaluate (-1 - 0) + (25 + -44 